{"id":924,"date":"2025-06-13T19:25:54","date_gmt":"2025-06-13T19:25:54","guid":{"rendered":"https:\/\/homemadebyelena.net\/?page_id=924"},"modified":"2025-06-15T20:00:22","modified_gmt":"2025-06-15T20:00:22","slug":"tarta-de-chocolate-y-ricotta","status":"publish","type":"page","link":"https:\/\/homemadebyelena.net\/?page_id=924","title":{"rendered":"Tarta de chocolate y ricotta"},"content":{"rendered":"<div class=\"brz-root__container brz-reset-all brz brz-root__container-page\">\n<section id=\"3b5ad356890b0cbea21a_lXNZMiomLvar\" class=\"brz-section brz-css-q5kfmr brz-css-5fxh1j\">\n<div class=\"brz-section__content brz-section--boxed brz-css-1b5zut1 brz-css-1e4azl2\" data-brz-custom-id=\"uuBd5bzoojXc\">\n<div class=\"brz-container brz-css-dskxgv brz-css-1kdyn75\">\n<div class=\"brz-row__container brz-css-tneiou brz-css-kyct2m\" data-brz-custom-id=\"doYn2NAAbIc6\">\n<div class=\"brz-row brz-css-el9eq9 brz-css-1v11a6d brz-css-10kg7tt\">\n<div class=\"brz-columns brz-css-11v9bry brz-css-19xr7fi\" data-brz-custom-id=\"s3JiwwIXuvkV\">\n<div class=\"brz-column__items brz-css-1llx5nh brz-css-1rqtslt\">\n<div id=\"\" class=\"brz-css-tkc1zx brz-css-1vn9an4 brz-wrapper\">\n<div class=\"brz-rich-text brz-rich-text__custom brz-css-20dh02 brz-css-bhhs99\" data-brz-custom-id=\"kGoAx90Gu2Ms\">\n<div data-brz-translate-text=\"1\">\n<p class=\"brz-text-lg-justify brz-text-xs-center brz-lh-lg-1_3 brz-vfw-lg-400 brz-fwdth-lg-100 brz-fsft-lg-0 brz-tp-lg-empty brz-ff-initial brz-ft-system brz-fs-lg-36 brz-fss-lg-px brz-fw-lg-400 brz-ls-lg-m_1 brz-css-zOMbe\" data-uniq-id=\"x2F2R\" data-generated-css=\"brz-css-d3sDr\"><span style=\"color: rgb(94, 70, 58);\">Tarta de chocolate y ricotta<\/span><\/p>\n<\/div>\n<\/div>\n<\/div>\n<div id=\"\" class=\"brz-css-tkc1zx brz-css-1ejquf7 brz-wrapper\">\n<div class=\"brz-rich-text brz-rich-text__custom brz-css-20dh02 brz-css-e4hk0h\" data-brz-custom-id=\"biLO9jeGFwOH\">\n<div data-brz-translate-text=\"1\">\n<p class=\"brz-fsft-lg-0 brz-fwdth-lg-100 brz-vfw-lg-400 brz-lh-lg-1_9 brz-ls-lg-0 brz-fw-lg-400 brz-fss-lg-px brz-fs-lg-16 brz-ft-system brz-ff-initial brz-tp-lg-empty brz-text-lg-justify brz-css-bV0DZ\" data-uniq-id=\"zGrJm\" data-generated-css=\"brz-css-yx7aR\"><a class=\"link--page\" style=\"color: rgb(4, 107, 210); background-color: rgb(255, 255, 255);\" href=\"https:\/\/homemadebyelena.net\/?page_id=80\" data-brz-link-type=\"page\">Inicio<\/a> | <a class=\"link--page\" style=\"color: rgb(4, 107, 210); background-color: rgb(255, 255, 255);\" href=\"https:\/\/homemadebyelena.net\/?page_id=389\" data-brz-link-type=\"page\">Galer\u00eda<\/a> | <a class=\"link--page\" style=\"color: rgb(4, 107, 210); background-color: rgb(255, 255, 255);\" href=\"https:\/\/homemadebyelena.net\/?page_id=126\" data-brz-link-type=\"page\">Sobre M\u00ed<\/a> | <a class=\"link--page\" style=\"color: rgb(4, 107, 210); background-color: rgb(255, 255, 255);\" href=\"https:\/\/homemadebyelena.net\/?page_id=24\" data-brz-link-type=\"page\">Contacto<\/a><\/p>\n<\/div>\n<\/div>\n<\/div>\n<div id=\"\" class=\"brz-css-tkc1zx brz-css-da40i6 brz-wrapper\">\n<div class=\"brz-rich-text brz-rich-text__custom brz-css-20dh02 brz-css-3qf26s\" data-brz-custom-id=\"dMSDV9kMvWfB\">\n<div data-brz-translate-text=\"1\">\n<p class=\"brz-tp-lg-empty brz-ff-initial brz-ft-system brz-fs-lg-16 brz-fss-lg-px brz-fw-lg-400 brz-ls-lg-0 brz-lh-lg-1_9 brz-vfw-lg-400 brz-fwdth-lg-100 brz-fsft-lg-0 brz-css-tb0nk\" data-generated-css=\"brz-css-qCezl\" data-uniq-id=\"jtPK3\"><span class=\" brz-span\" style=\"color: rgb(4, 107, 210); background-color: rgb(255, 255, 255);\">\u2190 <\/span><a class=\"link--page\" style=\"color: rgb(4, 107, 210); background-color: rgb(255, 255, 255);\" href=\"https:\/\/homemadebyelena.net\/?page_id=389\" data-brz-link-type=\"page\">Volver a la Galer\u00eda<\/a><\/p>\n<\/div>\n<\/div>\n<\/div>\n<div id=\"\" class=\"brz-css-tkc1zx brz-css-iiajz0 brz-wrapper\">\n<div class=\"brz-image brz-css-1oe1rj brz-css-8ejvip\" data-brz-custom-id=\"ktic9Tmn1JO8\"><picture class=\"brz-picture brz-d-block brz-p-relative brz-css-1id96lb brz-css-1ap4jtb\"><source srcset=\"https:\/\/homemadebyelena.net\/wp-content\/uploads\/2025\/05\/Chocolate-and-ricotta-cake-001.jpg 1x, https:\/\/homemadebyelena.net\/wp-content\/uploads\/2025\/05\/Chocolate-and-ricotta-cake-001.jpg 2x\" media=\"(min-width: 992px)\"><source srcset=\"https:\/\/homemadebyelena.net\/wp-content\/uploads\/2025\/05\/Chocolate-and-ricotta-cake-001.jpg 1x, https:\/\/homemadebyelena.net\/wp-content\/uploads\/2025\/05\/Chocolate-and-ricotta-cake-001.jpg 2x\" media=\"(min-width: 768px)\"><img decoding=\"async\" class=\"brz-img\" srcset=\"https:\/\/homemadebyelena.net\/wp-content\/uploads\/2025\/05\/Chocolate-and-ricotta-cake-001.jpg 1x, https:\/\/homemadebyelena.net\/wp-content\/uploads\/2025\/05\/Chocolate-and-ricotta-cake-001.jpg 2x\" src=\"https:\/\/homemadebyelena.net\/wp-content\/uploads\/2025\/05\/Chocolate-and-ricotta-cake-001.jpg\" alt=\"\" title=\"Chocolate and ricotta cake 001\" draggable=\"false\" loading=\"lazy\"><\/picture><\/div>\n<\/div>\n<\/div>\n<\/div>\n<div class=\"brz-columns brz-css-11v9bry brz-css-v74v29\" data-brz-custom-id=\"i5fjm9YBKEpm\">\n<div class=\"brz-column__items brz-css-1llx5nh brz-css-5phxnw\">\n<div id=\"\" class=\"brz-css-tkc1zx brz-css-10gxb87 brz-wrapper\">\n<div class=\"brz-rich-text brz-rich-text__custom brz-css-20dh02 brz-css-2ithtz\" data-brz-custom-id=\"iXoYwAcF63kw\">\n<div data-brz-translate-text=\"1\">\n<p class=\"brz-text-xs-center brz-tp-lg-empty brz-ff-initial brz-ft-system brz-fs-lg-22 brz-fss-lg-px brz-fw-lg-400 brz-ls-lg-0 brz-lh-lg-1_5 brz-vfw-lg-400 brz-fwdth-lg-100 brz-fsft-lg-0 brz-text-lg-center brz-css-zkWCL\" data-uniq-id=\"wDzNs\" data-generated-css=\"brz-css-sR5nb\"><span class=\"brz-cp-color2\">Descripci\u00f3n<\/span><\/p>\n<\/div>\n<\/div>\n<\/div>\n<div id=\"\" class=\"brz-css-tkc1zx brz-css-1juaaof brz-wrapper\">\n<div class=\"brz-rich-text brz-rich-text__custom brz-css-20dh02 brz-css-1db3set\" data-brz-custom-id=\"bjjeHROVeHJl\">\n<div data-brz-translate-text=\"1\">\n<p class=\"brz-fsft-lg-0 brz-fwdth-lg-100 brz-vfw-lg-400 brz-lh-lg-1_9 brz-ls-lg-0 brz-fw-lg-400 brz-fss-lg-px brz-fs-lg-18 brz-ft-system brz-ff-initial brz-tp-lg-empty brz-text-xs-center brz-text-lg-left brz-css-a29ZV\" data-uniq-id=\"fgsJV\" data-generated-css=\"brz-css-xGmtD\"><span style=\"color: rgb(140, 113, 94);\">Horne\u00e9 una tarta de chocolate con ricotta, harina, huevos, mantequilla y la cantidad justa de az\u00facar \u2014 aromatizada con vainilla y un toque de naranja. Cubierta con chocolate negro y una decoraci\u00f3n sencilla. Suave, intensa y hecha en casa.<\/span><\/p>\n<\/div>\n<\/div>\n<\/div>\n<div id=\"\" class=\"brz-css-tkc1zx brz-css-rk3asc brz-wrapper\">\n<div class=\"brz-rich-text brz-rich-text__custom brz-css-20dh02 brz-css-1lox946\" data-brz-custom-id=\"rtMaMugfKkB4\">\n<div data-brz-translate-text=\"1\">\n<p class=\"brz-text-lg-center brz-fsft-lg-0 brz-fwdth-lg-100 brz-vfw-lg-400 brz-lh-lg-1_5 brz-ls-lg-0 brz-fw-lg-400 brz-fss-lg-px brz-fs-lg-22 brz-ft-system brz-ff-initial brz-tp-lg-empty brz-css-kj4Xe\" data-uniq-id=\"uepOp\" data-generated-css=\"brz-css-fiQov\">Ingredientes<\/p>\n<\/div>\n<\/div>\n<\/div>\n<div id=\"\" class=\"brz-css-tkc1zx brz-css-dwr9fj brz-wrapper\">\n<div class=\"brz-rich-text brz-rich-text__custom brz-css-20dh02 brz-css-1953rhw\" data-brz-custom-id=\"yVsQ8ZEk1DWY\">\n<div data-brz-translate-text=\"1\">\n<p class=\"brz-text-lg-justify brz-fsft-lg-0 brz-fwdth-lg-100 brz-vfw-lg-400 brz-lh-lg-1_9 brz-ls-lg-0 brz-fw-lg-400 brz-fss-lg-px brz-fs-lg-18 brz-ft-system brz-ff-initial brz-tp-lg-empty brz-text-xs-center brz-css-d47BG\" data-generated-css=\"brz-css-tQ5Cd\" data-uniq-id=\"e11s7\"><span style=\"color: rgb(140, 113, 94);\">Frescos: ricotta, huevos frescos, mantequilla, jugo de naranja<\/span><\/p>\n<p class=\"brz-text-lg-justify brz-fsft-lg-0 brz-fwdth-lg-100 brz-vfw-lg-400 brz-lh-lg-1_9 brz-ls-lg-0 brz-fw-lg-400 brz-fss-lg-px brz-fs-lg-18 brz-ft-system brz-ff-initial brz-tp-lg-empty brz-text-xs-center brz-css-pWjyH\" data-generated-css=\"brz-css-afv6h\" data-uniq-id=\"dUrFN\"><span style=\"color: rgb(140, 113, 94);\">Base seca: harina, az\u00facar, levadura qu\u00edmica<\/span><\/p>\n<p class=\"brz-text-lg-justify brz-fsft-lg-0 brz-fwdth-lg-100 brz-vfw-lg-400 brz-lh-lg-1_9 brz-ls-lg-0 brz-fw-lg-400 brz-fss-lg-px brz-fs-lg-18 brz-ft-system brz-ff-initial brz-tp-lg-empty brz-text-xs-center brz-css-qPexH\" data-generated-css=\"brz-css-mjSsC\" data-uniq-id=\"jdq56\"><span style=\"color: rgb(140, 113, 94);\">Aromas: vainilla natural<\/span><\/p>\n<p class=\"brz-text-lg-justify brz-fsft-lg-0 brz-fwdth-lg-100 brz-vfw-lg-400 brz-lh-lg-1_9 brz-ls-lg-0 brz-fw-lg-400 brz-fss-lg-px brz-fs-lg-18 brz-ft-system brz-ff-initial brz-tp-lg-empty brz-text-xs-center brz-css-bEyhr\" data-generated-css=\"brz-css-b8WCv\" data-uniq-id=\"d1ibv\"><span style=\"color: rgb(140, 113, 94);\">Decoraci\u00f3n: Nutella, grageas de chocolate (oscuras y de colores)<\/span><\/p>\n<\/div>\n<\/div>\n<\/div>\n<div id=\"\" class=\"brz-css-tkc1zx brz-css-d6pqe brz-wrapper\">\n<div class=\"brz-image brz-css-1gca41u brz-css-zzxzn2\" data-brz-custom-id=\"k9Wgjdthr66q\"><picture class=\"brz-picture brz-d-block brz-p-relative brz-css-wf4l64 brz-css-1sriqsp\"><source srcset=\"https:\/\/homemadebyelena.net\/wp-content\/uploads\/2025\/06\/Chocolate-and-ricotta-cake-000.jpg 1x, https:\/\/homemadebyelena.net\/wp-content\/uploads\/2025\/06\/Chocolate-and-ricotta-cake-000.jpg 2x\" media=\"(min-width: 992px)\"><source srcset=\"https:\/\/homemadebyelena.net\/wp-content\/uploads\/2025\/06\/Chocolate-and-ricotta-cake-000.jpg 1x, https:\/\/homemadebyelena.net\/wp-content\/uploads\/2025\/06\/Chocolate-and-ricotta-cake-000.jpg 2x\" media=\"(min-width: 768px)\"><img decoding=\"async\" class=\"brz-img\" srcset=\"https:\/\/homemadebyelena.net\/wp-content\/uploads\/2025\/06\/Chocolate-and-ricotta-cake-000.jpg 1x, https:\/\/homemadebyelena.net\/wp-content\/uploads\/2025\/06\/Chocolate-and-ricotta-cake-000.jpg 2x\" src=\"https:\/\/homemadebyelena.net\/wp-content\/uploads\/2025\/06\/Chocolate-and-ricotta-cake-000.jpg\" alt=\"\" title=\"Chocolate and ricotta cake 000\" draggable=\"false\" loading=\"lazy\"><\/picture><\/div>\n<\/div>\n<div id=\"\" class=\"brz-css-tkc1zx brz-css-48dtz0 brz-wrapper\">\n<div class=\"brz-image brz-css-5glhg6 brz-css-1lcyfav\" data-brz-custom-id=\"k3KsbqXZ73Rt\"><picture class=\"brz-picture brz-d-block brz-p-relative brz-css-hpr6wc brz-css-5g4cfd\"><source srcset=\"https:\/\/homemadebyelena.net\/wp-content\/uploads\/2025\/06\/Chocolate-and-ricotta-cake-002.jpg 1x, https:\/\/homemadebyelena.net\/wp-content\/uploads\/2025\/06\/Chocolate-and-ricotta-cake-002.jpg 2x\" media=\"(min-width: 992px)\"><source srcset=\"https:\/\/homemadebyelena.net\/wp-content\/uploads\/2025\/06\/Chocolate-and-ricotta-cake-002.jpg 1x, https:\/\/homemadebyelena.net\/wp-content\/uploads\/2025\/06\/Chocolate-and-ricotta-cake-002.jpg 2x\" media=\"(min-width: 768px)\"><img decoding=\"async\" class=\"brz-img\" srcset=\"https:\/\/homemadebyelena.net\/wp-content\/uploads\/2025\/06\/Chocolate-and-ricotta-cake-002.jpg 1x, https:\/\/homemadebyelena.net\/wp-content\/uploads\/2025\/06\/Chocolate-and-ricotta-cake-002.jpg 2x\" src=\"https:\/\/homemadebyelena.net\/wp-content\/uploads\/2025\/06\/Chocolate-and-ricotta-cake-002.jpg\" alt=\"\" title=\"Chocolate and ricotta cake 002\" draggable=\"false\" loading=\"lazy\"><\/picture><\/div>\n<\/div>\n<div id=\"\" class=\"brz-css-tkc1zx brz-css-b84f88 brz-wrapper\">\n<div class=\"brz-image brz-css-6i7tlq brz-css-izuwjo\" data-brz-custom-id=\"bsny9yL5HqHe\"><picture class=\"brz-picture brz-d-block brz-p-relative brz-css-1dwhrsp brz-css-gwd21n\"><source srcset=\"https:\/\/homemadebyelena.net\/wp-content\/uploads\/2025\/06\/Chocolate-and-ricotta-cake-003.jpg 1x, https:\/\/homemadebyelena.net\/wp-content\/uploads\/2025\/06\/Chocolate-and-ricotta-cake-003.jpg 2x\" media=\"(min-width: 992px)\"><source srcset=\"https:\/\/homemadebyelena.net\/wp-content\/uploads\/2025\/06\/Chocolate-and-ricotta-cake-003.jpg 1x, https:\/\/homemadebyelena.net\/wp-content\/uploads\/2025\/06\/Chocolate-and-ricotta-cake-003.jpg 2x\" media=\"(min-width: 768px)\"><img decoding=\"async\" class=\"brz-img\" srcset=\"https:\/\/homemadebyelena.net\/wp-content\/uploads\/2025\/06\/Chocolate-and-ricotta-cake-003.jpg 1x, https:\/\/homemadebyelena.net\/wp-content\/uploads\/2025\/06\/Chocolate-and-ricotta-cake-003.jpg 2x\" src=\"https:\/\/homemadebyelena.net\/wp-content\/uploads\/2025\/06\/Chocolate-and-ricotta-cake-003.jpg\" alt=\"\" title=\"Chocolate and ricotta cake 003\" draggable=\"false\" loading=\"lazy\"><\/picture><\/div>\n<\/div>\n<\/div>\n<\/div>\n<\/div>\n<\/div>\n<\/div>\n<\/div>\n<\/section>\n<\/div>\n<p>    <!-- version:1750017622 --><\/p>\n","protected":false},"excerpt":{"rendered":"<p>Tarta de chocolate y ricotta Inicio | Galer\u00eda | Sobre M\u00ed | Contacto \u2190 Volver a la Galer\u00eda Descripci\u00f3n Horne\u00e9 [&hellip;]<\/p>\n","protected":false},"author":1,"featured_media":0,"parent":0,"menu_order":0,"comment_status":"closed","ping_status":"closed","template":"brizy-blank-template.php","meta":{"site-sidebar-layout":"default","site-content-layout":"","ast-site-content-layout":"","site-content-style":"default","site-sidebar-style":"default","ast-global-header-display":"","ast-banner-title-visibility":"","ast-main-header-display":"","ast-hfb-above-header-display":"","ast-hfb-below-header-display":"","ast-hfb-mobile-header-display":"","site-post-title":"","ast-breadcrumbs-content":"","ast-featured-img":"","footer-sml-layout":"","theme-transparent-header-meta":"","adv-header-id-meta":"","stick-header-meta":"","header-above-stick-meta":"","header-main-stick-meta":"","header-below-stick-meta":"","astra-migrate-meta-layouts":"default","ast-page-background-enabled":"default","ast-page-background-meta":{"desktop":{"background-color":"var(--ast-global-color-5)","background-image":"","background-repeat":"repeat","background-position":"center center","background-size":"auto","background-attachment":"scroll","background-type":"","background-media":"","overlay-type":"","overlay-color":"","overlay-opacity":"","overlay-gradient":""},"tablet":{"background-color":"","background-image":"","background-repeat":"repeat","background-position":"center center","background-size":"auto","background-attachment":"scroll","background-type":"","background-media":"","overlay-type":"","overlay-color":"","overlay-opacity":"","overlay-gradient":""},"mobile":{"background-color":"","background-image":"","background-repeat":"repeat","background-position":"center center","background-size":"auto","background-attachment":"scroll","background-type":"","background-media":"","overlay-type":"","overlay-color":"","overlay-opacity":"","overlay-gradient":""}},"ast-content-background-meta":{"desktop":{"background-color":"var(--ast-global-color-4)","background-image":"","background-repeat":"repeat","background-position":"center center","background-size":"auto","background-attachment":"scroll","background-type":"","background-media":"","overlay-type":"","overlay-color":"","overlay-opacity":"","overlay-gradient":""},"tablet":{"background-color":"var(--ast-global-color-4)","background-image":"","background-repeat":"repeat","background-position":"center center","background-size":"auto","background-attachment":"scroll","background-type":"","background-media":"","overlay-type":"","overlay-color":"","overlay-opacity":"","overlay-gradient":""},"mobile":{"background-color":"var(--ast-global-color-4)","background-image":"","background-repeat":"repeat","background-position":"center center","background-size":"auto","background-attachment":"scroll","background-type":"","background-media":"","overlay-type":"","overlay-color":"","overlay-opacity":"","overlay-gradient":""}},"footnotes":""},"class_list":["post-924","page","type-page","status-publish","hentry"],"yoast_head":"<!-- This site is optimized with the Yoast SEO plugin v25.1 - https:\/\/yoast.com\/wordpress\/plugins\/seo\/ -->\n<title>Tarta de chocolate y ricotta - Homemade by Elena<\/title>\n<meta name=\"robots\" content=\"index, follow, max-snippet:-1, max-image-preview:large, max-video-preview:-1\" \/>\n<link rel=\"canonical\" href=\"https:\/\/homemadebyelena.net\/?page_id=924\" \/>\n<meta property=\"og:locale\" content=\"en_GB\" \/>\n<meta property=\"og:type\" content=\"article\" \/>\n<meta property=\"og:title\" content=\"Tarta de chocolate y ricotta - Homemade by Elena\" \/>\n<meta property=\"og:description\" content=\"Tarta de chocolate y ricotta Inicio | Galer\u00eda | Sobre M\u00ed | Contacto \u2190 Volver a la Galer\u00eda Descripci\u00f3n Horne\u00e9 [&hellip;]\" \/>\n<meta property=\"og:url\" content=\"https:\/\/homemadebyelena.net\/?page_id=924\" \/>\n<meta property=\"og:site_name\" content=\"Homemade by Elena\" \/>\n<meta property=\"article:modified_time\" content=\"2025-06-15T20:00:22+00:00\" \/>\n<meta property=\"og:image\" content=\"https:\/\/homemadebyelena.net\/wp-content\/uploads\/2025\/05\/Chocolate-and-ricotta-cake-001.jpg\" \/>\n<meta name=\"twitter:card\" content=\"summary_large_image\" \/>\n<script type=\"application\/ld+json\" class=\"yoast-schema-graph\">{\"@context\":\"https:\/\/schema.org\",\"@graph\":[{\"@type\":\"WebPage\",\"@id\":\"https:\/\/homemadebyelena.net\/?page_id=924\",\"url\":\"https:\/\/homemadebyelena.net\/?page_id=924\",\"name\":\"Tarta de chocolate y ricotta - Homemade by Elena\",\"isPartOf\":{\"@id\":\"http:\/\/homemadebyelena.net\/#website\"},\"primaryImageOfPage\":{\"@id\":\"https:\/\/homemadebyelena.net\/?page_id=924#primaryimage\"},\"image\":{\"@id\":\"https:\/\/homemadebyelena.net\/?page_id=924#primaryimage\"},\"thumbnailUrl\":\"https:\/\/homemadebyelena.net\/wp-content\/uploads\/2025\/05\/Chocolate-and-ricotta-cake-001.jpg\",\"datePublished\":\"2025-06-13T19:25:54+00:00\",\"dateModified\":\"2025-06-15T20:00:22+00:00\",\"breadcrumb\":{\"@id\":\"https:\/\/homemadebyelena.net\/?page_id=924#breadcrumb\"},\"inLanguage\":\"en-GB\",\"potentialAction\":[{\"@type\":\"ReadAction\",\"target\":[\"https:\/\/homemadebyelena.net\/?page_id=924\"]}]},{\"@type\":\"ImageObject\",\"inLanguage\":\"en-GB\",\"@id\":\"https:\/\/homemadebyelena.net\/?page_id=924#primaryimage\",\"url\":\"https:\/\/homemadebyelena.net\/wp-content\/uploads\/2025\/05\/Chocolate-and-ricotta-cake-001.jpg\",\"contentUrl\":\"https:\/\/homemadebyelena.net\/wp-content\/uploads\/2025\/05\/Chocolate-and-ricotta-cake-001.jpg\",\"width\":1080,\"height\":1080},{\"@type\":\"BreadcrumbList\",\"@id\":\"https:\/\/homemadebyelena.net\/?page_id=924#breadcrumb\",\"itemListElement\":[{\"@type\":\"ListItem\",\"position\":1,\"name\":\"Home\",\"item\":\"https:\/\/homemadebyelena.net\/\"},{\"@type\":\"ListItem\",\"position\":2,\"name\":\"Tarta de chocolate y ricotta\"}]},{\"@type\":\"WebSite\",\"@id\":\"http:\/\/homemadebyelena.net\/#website\",\"url\":\"http:\/\/homemadebyelena.net\/\",\"name\":\"Homemade by Elena\",\"description\":\"\",\"potentialAction\":[{\"@type\":\"SearchAction\",\"target\":{\"@type\":\"EntryPoint\",\"urlTemplate\":\"http:\/\/homemadebyelena.net\/?s={search_term_string}\"},\"query-input\":{\"@type\":\"PropertyValueSpecification\",\"valueRequired\":true,\"valueName\":\"search_term_string\"}}],\"inLanguage\":\"en-GB\"}]}<\/script>\n<!-- \/ Yoast SEO plugin. -->","yoast_head_json":{"title":"Tarta de chocolate y ricotta - Homemade by Elena","robots":{"index":"index","follow":"follow","max-snippet":"max-snippet:-1","max-image-preview":"max-image-preview:large","max-video-preview":"max-video-preview:-1"},"canonical":"https:\/\/homemadebyelena.net\/?page_id=924","og_locale":"en_GB","og_type":"article","og_title":"Tarta de chocolate y ricotta - Homemade by Elena","og_description":"Tarta de chocolate y ricotta Inicio | Galer\u00eda | Sobre M\u00ed | Contacto \u2190 Volver a la Galer\u00eda Descripci\u00f3n Horne\u00e9 [&hellip;]","og_url":"https:\/\/homemadebyelena.net\/?page_id=924","og_site_name":"Homemade by Elena","article_modified_time":"2025-06-15T20:00:22+00:00","og_image":[{"url":"https:\/\/homemadebyelena.net\/wp-content\/uploads\/2025\/05\/Chocolate-and-ricotta-cake-001.jpg","type":"","width":"","height":""}],"twitter_card":"summary_large_image","schema":{"@context":"https:\/\/schema.org","@graph":[{"@type":"WebPage","@id":"https:\/\/homemadebyelena.net\/?page_id=924","url":"https:\/\/homemadebyelena.net\/?page_id=924","name":"Tarta de chocolate y ricotta - Homemade by Elena","isPartOf":{"@id":"http:\/\/homemadebyelena.net\/#website"},"primaryImageOfPage":{"@id":"https:\/\/homemadebyelena.net\/?page_id=924#primaryimage"},"image":{"@id":"https:\/\/homemadebyelena.net\/?page_id=924#primaryimage"},"thumbnailUrl":"https:\/\/homemadebyelena.net\/wp-content\/uploads\/2025\/05\/Chocolate-and-ricotta-cake-001.jpg","datePublished":"2025-06-13T19:25:54+00:00","dateModified":"2025-06-15T20:00:22+00:00","breadcrumb":{"@id":"https:\/\/homemadebyelena.net\/?page_id=924#breadcrumb"},"inLanguage":"en-GB","potentialAction":[{"@type":"ReadAction","target":["https:\/\/homemadebyelena.net\/?page_id=924"]}]},{"@type":"ImageObject","inLanguage":"en-GB","@id":"https:\/\/homemadebyelena.net\/?page_id=924#primaryimage","url":"https:\/\/homemadebyelena.net\/wp-content\/uploads\/2025\/05\/Chocolate-and-ricotta-cake-001.jpg","contentUrl":"https:\/\/homemadebyelena.net\/wp-content\/uploads\/2025\/05\/Chocolate-and-ricotta-cake-001.jpg","width":1080,"height":1080},{"@type":"BreadcrumbList","@id":"https:\/\/homemadebyelena.net\/?page_id=924#breadcrumb","itemListElement":[{"@type":"ListItem","position":1,"name":"Home","item":"https:\/\/homemadebyelena.net\/"},{"@type":"ListItem","position":2,"name":"Tarta de chocolate y ricotta"}]},{"@type":"WebSite","@id":"http:\/\/homemadebyelena.net\/#website","url":"http:\/\/homemadebyelena.net\/","name":"Homemade by Elena","description":"","potentialAction":[{"@type":"SearchAction","target":{"@type":"EntryPoint","urlTemplate":"http:\/\/homemadebyelena.net\/?s={search_term_string}"},"query-input":{"@type":"PropertyValueSpecification","valueRequired":true,"valueName":"search_term_string"}}],"inLanguage":"en-GB"}]}},"_links":{"self":[{"href":"https:\/\/homemadebyelena.net\/index.php?rest_route=\/wp\/v2\/pages\/924","targetHints":{"allow":["GET"]}}],"collection":[{"href":"https:\/\/homemadebyelena.net\/index.php?rest_route=\/wp\/v2\/pages"}],"about":[{"href":"https:\/\/homemadebyelena.net\/index.php?rest_route=\/wp\/v2\/types\/page"}],"author":[{"embeddable":true,"href":"https:\/\/homemadebyelena.net\/index.php?rest_route=\/wp\/v2\/users\/1"}],"replies":[{"embeddable":true,"href":"https:\/\/homemadebyelena.net\/index.php?rest_route=%2Fwp%2Fv2%2Fcomments&post=924"}],"version-history":[{"count":4,"href":"https:\/\/homemadebyelena.net\/index.php?rest_route=\/wp\/v2\/pages\/924\/revisions"}],"predecessor-version":[{"id":989,"href":"https:\/\/homemadebyelena.net\/index.php?rest_route=\/wp\/v2\/pages\/924\/revisions\/989"}],"wp:attachment":[{"href":"https:\/\/homemadebyelena.net\/index.php?rest_route=%2Fwp%2Fv2%2Fmedia&parent=924"}],"curies":[{"name":"wp","href":"https:\/\/api.w.org\/{rel}","templated":true}]}}