{"id":126,"date":"2025-05-25T17:58:38","date_gmt":"2025-05-25T17:58:38","guid":{"rendered":"https:\/\/homemadebyelena.net\/?page_id=126"},"modified":"2025-07-18T07:15:03","modified_gmt":"2025-07-18T07:15:03","slug":"sobre-mi","status":"publish","type":"page","link":"https:\/\/homemadebyelena.net\/?page_id=126","title":{"rendered":"Sobre M\u00ed"},"content":{"rendered":"<div class=\"brz-root__container brz-reset-all brz brz-root__container-page\">\n<section id=\"9be5c9ac76278c450b6d_rpEJDlUZe61i\" class=\"brz-section brz-css-dpjsm8 brz-css-58ps1d\">\n<div class=\"brz-section__content brz-section--boxed brz-css-1q6w0t1 brz-css-1wsxj0s\" data-brz-custom-id=\"hKtvZKsyUkza\">\n<div class=\"brz-container brz-css-1m62p3b brz-css-4dpklv\">\n<div class=\"brz-row__container brz-css-1ikt9hu brz-css-fzwokk\" data-brz-custom-id=\"z6MqjIvUW_UH\">\n<div class=\"brz-row brz-css-1t7ne5s brz-css-soqup0 brz-css-b6q1lq\">\n<div class=\"brz-columns brz-css-19soovq brz-css-1nhxtz9\" data-brz-custom-id=\"xsdXa_x3Q0HC\">\n<div class=\"brz-column__items brz-css-1dimoba brz-css-j7jccg\">\n<div id=\"\" class=\"brz-css-1ecrsmo brz-css-9nzfd1 brz-wrapper\">\n<div class=\"brz-rich-text brz-rich-text__custom brz-css-k1hg90 brz-css-jfyzqu\" data-brz-custom-id=\"dIIvHJUiwhWe\">\n<div data-brz-translate-text=\"1\">\n<p class=\"brz-lh-lg-1_3 brz-vfw-lg-400 brz-fwdth-lg-100 brz-fsft-lg-0 brz-tp-lg-empty brz-ff-initial brz-ft-system brz-fs-lg-46 brz-fss-lg-px brz-fw-lg-400 brz-ls-lg-m_1 brz-css-hPIFj\" data-generated-css=\"brz-css-o4uSw\" data-uniq-id=\"twT8I\"><span style=\"color: rgb(94, 70, 58);\">Sobre M\u00ed<\/span><\/p>\n<\/div>\n<\/div>\n<\/div>\n<\/div>\n<\/div>\n<div class=\"brz-columns brz-css-19soovq brz-css-l3vxfb\" data-brz-custom-id=\"b2Pnh9WG69L4\">\n<div class=\"brz-column__items brz-css-1dimoba brz-css-cu4xat\">\n<div id=\"\" class=\"brz-css-1ecrsmo brz-css-1oqkp4j brz-wrapper\">\n<div class=\"brz-rich-text brz-rich-text__custom brz-css-k1hg90 brz-css-1aef6nh\" data-brz-custom-id=\"v9WV6lOENKPQ\">\n<div data-brz-translate-text=\"1\">\n<p class=\"brz-ft-system brz-ff-initial brz-tp-lg-empty brz-fsft-lg-0 brz-fwdth-lg-100 brz-vfw-lg-400 brz-lh-lg-1_9 brz-ls-lg-0 brz-fw-lg-400 brz-fss-lg-px brz-fs-lg-16 brz-text-lg-justify brz-css-cNrxx\" data-uniq-id=\"b33Ek\" data-generated-css=\"brz-css-gskHs\"><a class=\"link--page\" href=\"https:\/\/homemadebyelena.net\/?page_id=80\" data-brz-link-type=\"page\">Inicio<\/a> | <a class=\"link--page\" href=\"https:\/\/homemadebyelena.net\/?page_id=389\" data-brz-link-type=\"page\">Galer\u00eda<\/a> | <a class=\"link--page\" href=\"https:\/\/homemadebyelena.net\/?page_id=126\" data-brz-link-type=\"page\">Sobre M\u00ed<\/a> | <a class=\"link--page\" href=\"https:\/\/homemadebyelena.net\/?page_id=24\" data-brz-link-type=\"page\">Contacto<\/a><\/p>\n<\/div>\n<\/div>\n<\/div>\n<div id=\"\" class=\"brz-css-1ecrsmo brz-css-1fdy1af brz-wrapper\">\n<div class=\"brz-rich-text brz-rich-text__custom brz-css-k1hg90 brz-css-18g1fbg\" data-brz-custom-id=\"sVzKnsl5AbiJ\">\n<div data-brz-translate-text=\"1\">\n<p class=\"brz-ft-system brz-ff-initial brz-tp-lg-empty brz-fsft-lg-0 brz-fwdth-lg-100 brz-vfw-lg-400 brz-lh-lg-1_9 brz-ls-lg-0 brz-fw-lg-400 brz-fss-lg-px brz-fs-lg-16 brz-text-lg-justify brz-css-sjuSV\" data-uniq-id=\"uuSzU\" data-generated-css=\"brz-css-jaamV\"><a class=\"link--page\" style=\"color: rgb(4, 107, 210); background-color: rgb(255, 255, 255);\" href=\"https:\/\/homemadebyelena.net\/?page_id=20\" data-brz-link-type=\"page\">\ud83c\uddec\ud83c\udde7 English<\/a> | <a class=\"link--page\" style=\"color: rgb(4, 107, 210); background-color: rgb(255, 255, 255);\" href=\"https:\/\/homemadebyelena.net\/?page_id=126\" data-brz-link-type=\"page\">\ud83c\uddea\ud83c\uddf8 Espa\u00f1ol<\/a><\/p>\n<\/div>\n<\/div>\n<\/div>\n<div id=\"\" class=\"brz-css-1ecrsmo brz-css-oqrly9 brz-wrapper\">\n<div class=\"brz-rich-text brz-rich-text__custom brz-css-k1hg90 brz-css-88brvq\" data-brz-custom-id=\"vqLEA4iP4YL8\">\n<div data-brz-translate-text=\"1\">\n<p class=\"brz-fs-lg-18 brz-ft-system brz-ff-initial brz-tp-lg-empty brz-fsft-lg-0 brz-fwdth-lg-100 brz-vfw-lg-400 brz-lh-lg-1_9 brz-ls-lg-0 brz-fw-lg-400 brz-fss-lg-px brz-css-qj1m7\" data-generated-css=\"brz-css-f08Is\" data-uniq-id=\"vjKPP\"><span style=\"color: rgb(140, 113, 94);\">Soy Luz Elena, una apasionada repostera casera con ra\u00edces colombianas.<\/span><\/p>\n<p class=\"brz-fs-lg-18 brz-ft-system brz-ff-initial brz-tp-lg-empty brz-fsft-lg-0 brz-fwdth-lg-100 brz-vfw-lg-400 brz-lh-lg-1_9 brz-ls-lg-0 brz-fw-lg-400 brz-fss-lg-px brz-css-h7d97\" data-generated-css=\"brz-css-i0zdG\" data-uniq-id=\"jORCp\"><span style=\"color: rgb(140, 113, 94);\">Descubr\u00ed mi amor por la reposter\u00eda durante los a\u00f1os que viv\u00ed en Italia, rodeada de pasteler\u00edas, tradiciones y una cultura que realmente valora la comida hecha con cari\u00f1o. Fue all\u00ed donde comenc\u00e9 a seguir a grandes pasteleros en l\u00ednea y a experimentar en mi propia cocina, aprendiendo poco a poco a recrear tortas cl\u00e1sicas con un toque simple y honesto.<\/span><\/p>\n<p class=\"brz-fs-lg-18 brz-ft-system brz-ff-initial brz-tp-lg-empty brz-fsft-lg-0 brz-fwdth-lg-100 brz-vfw-lg-400 brz-lh-lg-1_9 brz-ls-lg-0 brz-fw-lg-400 brz-fss-lg-px brz-css-mWUv5\" data-generated-css=\"brz-css-hKcWq\" data-uniq-id=\"pvUtx\"><span style=\"color: rgb(140, 113, 94);\">Me gusta hornear con ingredientes frescos, la cantidad justa de az\u00facar y un profundo respeto por la tradici\u00f3n.<\/span><\/p>\n<p class=\"brz-fs-lg-18 brz-ft-system brz-ff-initial brz-tp-lg-empty brz-fsft-lg-0 brz-fwdth-lg-100 brz-vfw-lg-400 brz-lh-lg-1_9 brz-ls-lg-0 brz-fw-lg-400 brz-fss-lg-px brz-css-tfgaP\" data-generated-css=\"brz-css-qDFyF\" data-uniq-id=\"lqnlw\"><span style=\"color: rgb(140, 113, 94);\">Creo que los postres deben resaltar lo que llevan dentro, no solo su apariencia.<\/span><\/p>\n<p class=\"brz-tp-lg-empty brz-ff-initial brz-ft-system brz-fs-lg-18 brz-fss-lg-px brz-fw-lg-400 brz-ls-lg-0 brz-lh-lg-1_9 brz-vfw-lg-400 brz-fwdth-lg-100 brz-fsft-lg-0 brz-css-kExNP\" data-generated-css=\"brz-css-gKver\" data-uniq-id=\"stO08\"><span style=\"color: rgb(140, 113, 94);\">Pero sobre todo, horneo con amor. Cada torta que preparo est\u00e1 pensada para ser compartida \u2014 con familia, amigos, y con quien valore lo aut\u00e9ntico, hecho desde el coraz\u00f3n.<\/span><\/p>\n<\/div>\n<\/div>\n<\/div>\n<div id=\"\" class=\"brz-css-1ecrsmo brz-css-1syba37 brz-wrapper\">\n<div class=\"brz-image brz-css-1m8oie0 brz-css-17z0rsr\" data-brz-custom-id=\"z7JlMLXc60na\"><picture class=\"brz-picture brz-d-block brz-p-relative brz-css-179ac4v brz-css-hngoac\"><source srcset=\"https:\/\/homemadebyelena.net\/wp-content\/uploads\/2025\/07\/table-05.jpg 1x, https:\/\/homemadebyelena.net\/wp-content\/uploads\/2025\/07\/table-05.jpg 2x\" media=\"(min-width: 992px)\"><source srcset=\"https:\/\/homemadebyelena.net\/wp-content\/uploads\/2025\/07\/table-05.jpg 1x, https:\/\/homemadebyelena.net\/wp-content\/uploads\/2025\/07\/table-05.jpg 2x\" media=\"(min-width: 768px)\"><img decoding=\"async\" class=\"brz-img\" srcset=\"https:\/\/homemadebyelena.net\/wp-content\/uploads\/2025\/07\/table-05.jpg 1x, https:\/\/homemadebyelena.net\/wp-content\/uploads\/2025\/07\/table-05.jpg 2x\" src=\"https:\/\/homemadebyelena.net\/wp-content\/uploads\/2025\/07\/table-05.jpg\" alt=\"\" title=\"table 05\" draggable=\"false\" loading=\"lazy\"><\/picture><\/div>\n<\/div>\n<\/div>\n<\/div>\n<\/div>\n<\/div>\n<\/div>\n<\/div>\n<\/section>\n<\/div>\n<p>    <!-- version:1752822903 --><\/p>\n","protected":false},"excerpt":{"rendered":"<p>Sobre M\u00ed Inicio | Galer\u00eda | Sobre M\u00ed | Contacto \ud83c\uddec\ud83c\udde7 English | \ud83c\uddea\ud83c\uddf8 Espa\u00f1ol Soy Luz Elena, una apasionada [&hellip;]<\/p>\n","protected":false},"author":1,"featured_media":0,"parent":0,"menu_order":0,"comment_status":"closed","ping_status":"closed","template":"brizy-blank-template.php","meta":{"site-sidebar-layout":"default","site-content-layout":"","ast-site-content-layout":"","site-content-style":"default","site-sidebar-style":"default","ast-global-header-display":"","ast-banner-title-visibility":"","ast-main-header-display":"","ast-hfb-above-header-display":"","ast-hfb-below-header-display":"","ast-hfb-mobile-header-display":"","site-post-title":"","ast-breadcrumbs-content":"","ast-featured-img":"","footer-sml-layout":"","theme-transparent-header-meta":"","adv-header-id-meta":"","stick-header-meta":"","header-above-stick-meta":"","header-main-stick-meta":"","header-below-stick-meta":"","astra-migrate-meta-layouts":"default","ast-page-background-enabled":"default","ast-page-background-meta":{"desktop":{"background-color":"var(--ast-global-color-5)","background-image":"","background-repeat":"repeat","background-position":"center center","background-size":"auto","background-attachment":"scroll","background-type":"","background-media":"","overlay-type":"","overlay-color":"","overlay-opacity":"","overlay-gradient":""},"tablet":{"background-color":"","background-image":"","background-repeat":"repeat","background-position":"center center","background-size":"auto","background-attachment":"scroll","background-type":"","background-media":"","overlay-type":"","overlay-color":"","overlay-opacity":"","overlay-gradient":""},"mobile":{"background-color":"","background-image":"","background-repeat":"repeat","background-position":"center center","background-size":"auto","background-attachment":"scroll","background-type":"","background-media":"","overlay-type":"","overlay-color":"","overlay-opacity":"","overlay-gradient":""}},"ast-content-background-meta":{"desktop":{"background-color":"var(--ast-global-color-4)","background-image":"","background-repeat":"repeat","background-position":"center center","background-size":"auto","background-attachment":"scroll","background-type":"","background-media":"","overlay-type":"","overlay-color":"","overlay-opacity":"","overlay-gradient":""},"tablet":{"background-color":"var(--ast-global-color-4)","background-image":"","background-repeat":"repeat","background-position":"center center","background-size":"auto","background-attachment":"scroll","background-type":"","background-media":"","overlay-type":"","overlay-color":"","overlay-opacity":"","overlay-gradient":""},"mobile":{"background-color":"var(--ast-global-color-4)","background-image":"","background-repeat":"repeat","background-position":"center center","background-size":"auto","background-attachment":"scroll","background-type":"","background-media":"","overlay-type":"","overlay-color":"","overlay-opacity":"","overlay-gradient":""}},"footnotes":""},"class_list":["post-126","page","type-page","status-publish","hentry"],"yoast_head":"<!-- This site is optimized with the Yoast SEO plugin v25.1 - https:\/\/yoast.com\/wordpress\/plugins\/seo\/ -->\n<title>Sobre M\u00ed - Homemade by Elena<\/title>\n<meta name=\"robots\" content=\"index, follow, max-snippet:-1, max-image-preview:large, max-video-preview:-1\" \/>\n<link rel=\"canonical\" href=\"https:\/\/homemadebyelena.net\/?page_id=126\" \/>\n<meta property=\"og:locale\" content=\"en_GB\" \/>\n<meta property=\"og:type\" content=\"article\" \/>\n<meta property=\"og:title\" content=\"Sobre M\u00ed - Homemade by Elena\" \/>\n<meta property=\"og:description\" content=\"Sobre M\u00ed Inicio | Galer\u00eda | Sobre M\u00ed | Contacto \ud83c\uddec\ud83c\udde7 English | \ud83c\uddea\ud83c\uddf8 Espa\u00f1ol Soy Luz Elena, una apasionada [&hellip;]\" \/>\n<meta property=\"og:url\" content=\"https:\/\/homemadebyelena.net\/?page_id=126\" \/>\n<meta property=\"og:site_name\" content=\"Homemade by Elena\" \/>\n<meta property=\"article:modified_time\" content=\"2025-07-18T07:15:03+00:00\" \/>\n<meta property=\"og:image\" content=\"https:\/\/homemadebyelena.net\/wp-content\/uploads\/2025\/07\/table-05.jpg\" \/>\n<meta name=\"twitter:card\" content=\"summary_large_image\" \/>\n<script type=\"application\/ld+json\" class=\"yoast-schema-graph\">{\"@context\":\"https:\/\/schema.org\",\"@graph\":[{\"@type\":\"WebPage\",\"@id\":\"https:\/\/homemadebyelena.net\/?page_id=126\",\"url\":\"https:\/\/homemadebyelena.net\/?page_id=126\",\"name\":\"Sobre M\u00ed - Homemade by Elena\",\"isPartOf\":{\"@id\":\"http:\/\/homemadebyelena.net\/#website\"},\"primaryImageOfPage\":{\"@id\":\"https:\/\/homemadebyelena.net\/?page_id=126#primaryimage\"},\"image\":{\"@id\":\"https:\/\/homemadebyelena.net\/?page_id=126#primaryimage\"},\"thumbnailUrl\":\"https:\/\/homemadebyelena.net\/wp-content\/uploads\/2025\/07\/table-05.jpg\",\"datePublished\":\"2025-05-25T17:58:38+00:00\",\"dateModified\":\"2025-07-18T07:15:03+00:00\",\"breadcrumb\":{\"@id\":\"https:\/\/homemadebyelena.net\/?page_id=126#breadcrumb\"},\"inLanguage\":\"en-GB\",\"potentialAction\":[{\"@type\":\"ReadAction\",\"target\":[\"https:\/\/homemadebyelena.net\/?page_id=126\"]}]},{\"@type\":\"ImageObject\",\"inLanguage\":\"en-GB\",\"@id\":\"https:\/\/homemadebyelena.net\/?page_id=126#primaryimage\",\"url\":\"https:\/\/homemadebyelena.net\/wp-content\/uploads\/2025\/07\/table-05.jpg\",\"contentUrl\":\"https:\/\/homemadebyelena.net\/wp-content\/uploads\/2025\/07\/table-05.jpg\",\"width\":1080,\"height\":1080},{\"@type\":\"BreadcrumbList\",\"@id\":\"https:\/\/homemadebyelena.net\/?page_id=126#breadcrumb\",\"itemListElement\":[{\"@type\":\"ListItem\",\"position\":1,\"name\":\"Home\",\"item\":\"https:\/\/homemadebyelena.net\/\"},{\"@type\":\"ListItem\",\"position\":2,\"name\":\"Sobre M\u00ed\"}]},{\"@type\":\"WebSite\",\"@id\":\"http:\/\/homemadebyelena.net\/#website\",\"url\":\"http:\/\/homemadebyelena.net\/\",\"name\":\"Homemade by Elena\",\"description\":\"\",\"potentialAction\":[{\"@type\":\"SearchAction\",\"target\":{\"@type\":\"EntryPoint\",\"urlTemplate\":\"http:\/\/homemadebyelena.net\/?s={search_term_string}\"},\"query-input\":{\"@type\":\"PropertyValueSpecification\",\"valueRequired\":true,\"valueName\":\"search_term_string\"}}],\"inLanguage\":\"en-GB\"}]}<\/script>\n<!-- \/ Yoast SEO plugin. -->","yoast_head_json":{"title":"Sobre M\u00ed - Homemade by Elena","robots":{"index":"index","follow":"follow","max-snippet":"max-snippet:-1","max-image-preview":"max-image-preview:large","max-video-preview":"max-video-preview:-1"},"canonical":"https:\/\/homemadebyelena.net\/?page_id=126","og_locale":"en_GB","og_type":"article","og_title":"Sobre M\u00ed - Homemade by Elena","og_description":"Sobre M\u00ed Inicio | Galer\u00eda | Sobre M\u00ed | Contacto \ud83c\uddec\ud83c\udde7 English | \ud83c\uddea\ud83c\uddf8 Espa\u00f1ol Soy Luz Elena, una apasionada [&hellip;]","og_url":"https:\/\/homemadebyelena.net\/?page_id=126","og_site_name":"Homemade by Elena","article_modified_time":"2025-07-18T07:15:03+00:00","og_image":[{"url":"https:\/\/homemadebyelena.net\/wp-content\/uploads\/2025\/07\/table-05.jpg","type":"","width":"","height":""}],"twitter_card":"summary_large_image","schema":{"@context":"https:\/\/schema.org","@graph":[{"@type":"WebPage","@id":"https:\/\/homemadebyelena.net\/?page_id=126","url":"https:\/\/homemadebyelena.net\/?page_id=126","name":"Sobre M\u00ed - Homemade by Elena","isPartOf":{"@id":"http:\/\/homemadebyelena.net\/#website"},"primaryImageOfPage":{"@id":"https:\/\/homemadebyelena.net\/?page_id=126#primaryimage"},"image":{"@id":"https:\/\/homemadebyelena.net\/?page_id=126#primaryimage"},"thumbnailUrl":"https:\/\/homemadebyelena.net\/wp-content\/uploads\/2025\/07\/table-05.jpg","datePublished":"2025-05-25T17:58:38+00:00","dateModified":"2025-07-18T07:15:03+00:00","breadcrumb":{"@id":"https:\/\/homemadebyelena.net\/?page_id=126#breadcrumb"},"inLanguage":"en-GB","potentialAction":[{"@type":"ReadAction","target":["https:\/\/homemadebyelena.net\/?page_id=126"]}]},{"@type":"ImageObject","inLanguage":"en-GB","@id":"https:\/\/homemadebyelena.net\/?page_id=126#primaryimage","url":"https:\/\/homemadebyelena.net\/wp-content\/uploads\/2025\/07\/table-05.jpg","contentUrl":"https:\/\/homemadebyelena.net\/wp-content\/uploads\/2025\/07\/table-05.jpg","width":1080,"height":1080},{"@type":"BreadcrumbList","@id":"https:\/\/homemadebyelena.net\/?page_id=126#breadcrumb","itemListElement":[{"@type":"ListItem","position":1,"name":"Home","item":"https:\/\/homemadebyelena.net\/"},{"@type":"ListItem","position":2,"name":"Sobre M\u00ed"}]},{"@type":"WebSite","@id":"http:\/\/homemadebyelena.net\/#website","url":"http:\/\/homemadebyelena.net\/","name":"Homemade by Elena","description":"","potentialAction":[{"@type":"SearchAction","target":{"@type":"EntryPoint","urlTemplate":"http:\/\/homemadebyelena.net\/?s={search_term_string}"},"query-input":{"@type":"PropertyValueSpecification","valueRequired":true,"valueName":"search_term_string"}}],"inLanguage":"en-GB"}]}},"_links":{"self":[{"href":"https:\/\/homemadebyelena.net\/index.php?rest_route=\/wp\/v2\/pages\/126","targetHints":{"allow":["GET"]}}],"collection":[{"href":"https:\/\/homemadebyelena.net\/index.php?rest_route=\/wp\/v2\/pages"}],"about":[{"href":"https:\/\/homemadebyelena.net\/index.php?rest_route=\/wp\/v2\/types\/page"}],"author":[{"embeddable":true,"href":"https:\/\/homemadebyelena.net\/index.php?rest_route=\/wp\/v2\/users\/1"}],"replies":[{"embeddable":true,"href":"https:\/\/homemadebyelena.net\/index.php?rest_route=%2Fwp%2Fv2%2Fcomments&post=126"}],"version-history":[{"count":5,"href":"https:\/\/homemadebyelena.net\/index.php?rest_route=\/wp\/v2\/pages\/126\/revisions"}],"predecessor-version":[{"id":1268,"href":"https:\/\/homemadebyelena.net\/index.php?rest_route=\/wp\/v2\/pages\/126\/revisions\/1268"}],"wp:attachment":[{"href":"https:\/\/homemadebyelena.net\/index.php?rest_route=%2Fwp%2Fv2%2Fmedia&parent=126"}],"curies":[{"name":"wp","href":"https:\/\/api.w.org\/{rel}","templated":true}]}}